g = 15 - 13. Suppose -g*x + 420 = 4*x. Calculate the remainder when x is divided by w.
16
Suppose 3*l + 0*l - 846 = -9*t, t + 3*l = 94. What is the remainder when t is divided by 4/(-18) + (-438)/(-27)?
14
What is the remainder when 139 is divided by (-5 - -38) + -8 - 1*-3?
27
Let n = 5 + -9. Let p(k) = k**3 + 4*k**2 + k + 3. Let q be p(n). Let f = 56 + q. What is the remainder when f is divided by 19?
17
Let d be (-4)/(-18) - (-52)/9. Let i = -2 - d. What is the remainder when 23 is divided by (0 - i) + (-24)/(-6)?
11
Suppose -2*z = -0*n + 2*n - 114, -112 = -2*n - 3*z. Calculate the remainder when n is divided by 8/(-14) + (-26928)/(-1309).
19
Suppose 0 = -4*k + 2*b + 132, 44 = k - 0*k + 5*b. Calculate the remainder when k is divided by 19.
15
Suppose 2*c + 18 = 3*c - d, -3*d - 41 = -2*c. Calculate the remainder when 285 is divided by c.
12
Suppose -3*x + p = -252 - 42, 0 = 2*x + 3*p - 185. What is the remainder when x is divided by 14?
13
Let z = 26 + 52. Let c = z + -42. Let u(q) = -9*q - 10. Calculate the remainder when u(-9) is divided by c.
35
Let w(f) = 3*f - 28. Let r be w(11). Suppose g - r*g = -172. What is the remainder when g is divided by 22?
21
Let s(q) be the first derivative of -3*q**2/2 + 20*q + 5. Calculate the remainder when s(-8) is divided by 12.
8
Calculate the remainder when 626/26 - 9/117 is divided by 14.
10
Let x(d) = -d**3 - 14*d**2 + 19. Let z(n) = -5*n - 5. Calculate the remainder when x(-14) is divided by z(-3).
9
Suppose k + 35 = 5*u - k, -u + 7 = 3*k. Suppose -4*n = -u - 9. Let a = n - 2. Calculate the remainder when 4 is divided by a.
0
Suppose 0 = 5*s - 22 - 3. Let c(t) = -t**3 - 2*t**2 + 3*t - 5. Let x be c(-4). What is the remainder when 5/x*51 + 2 is divided by s?
4
Let l = -440 + 476. Suppose 4*t - 5*t + 9 = 0. What is the remainder when l is divided by t?
0
Let q(m) = 42*m - 13. Let k be q(8). Suppose 41 = -3*t + 3*y + k, -2*t - 5*y = -223. What is the remainder when t is divided by 25?
24
Let m(r) = 5*r + 55. Let s be m(-11). Suppose -3*f - 2*d + 46 = s, -4*f + 2*f + 44 = 4*d. Calculate the remainder when f is divided by 22/3 - 1/3.
5
Suppose -5*j = -5*x - 70, 4*j + j = 2*x + 67. Suppose -7*p = -3*p. Let k = p + j. What is the remainder when 51 is divided by k?
12
Calculate the remainder when (2/6)/(110/119790) is divided by 46.
41
Let l = 903 - 486. Calculate the remainder when l is divided by 70.
67
Let h(i) = -i**3 - 3*i**2 + 2*i + 13. Let n be (3/18 - 15/18)*9. Calculate the remainder when h(n) is divided by 22.
21
Let o(j) = -8*j - 41. Let p(k) = k - 3. What is the remainder when o(-8) is divided by p(9)?
5
Suppose 6*z - 1443 = 2325. Calculate the remainder when z is divided by 105.
103
Suppose -3*f - 30 = -213. Calculate the remainder when 182 is divided by f.
60
Suppose 4*z + s + 3*s = 132, -4*s - 58 = -z. Let a = -2362 - -2373. What is the remainder when z is divided by a?
5
Suppose 3*u - 75*v - 111 = -74*v, 0 = -3*v. Calculate the remainder when 127 is divided by u.
16
Let l = 1 + -11. Let t(b) = b**2 + 8*b. Calculate the remainder when t(l) is divided by (0 + -1)/((-60)/(-66) - 1).
9
Let r be (-28)/7 + (-374)/2. Let b = 10 - r. What is the remainder when b is divided by 29?
27
Let b be 1/(3 + (-20)/8). Let u(j) = 14*j - 2. Suppose -2*s + 5*v = -179, -v + 5*v = 2*s - 184. What is the remainder when s is divided by u(b)?
24
Suppose 0 = -8*p + 198 + 90. What is the remainder when p is divided by 11?
3
Calculate the remainder when (-2)/((-15)/(2625/10)) is divided by 11.
2
Suppose -5*u + 65 = -5. Let d = 35 - u. Calculate the remainder when 83 is divided by d.
20
Calculate the remainder when 44 is divided by 23016/756 + 8/(-18).
14
What is the remainder when 24 is divided by (-8)/48 - (-86)/12?
3
Let v = 4 + 29. Let q = 47 - v. What is the remainder when 22 is divided by q?
8
Let c(p) = p**3 - 11*p**2 + p + 12. Suppose 5*f + a - 190 = -2*a, f - 15 = 4*a. Calculate the remainder when f is divided by c(11).
12
Suppose 5*k + h = 50, 67 = k - 3*h + 57. What is the remainder when 173 is divided by k?
3
Let g = 110 - 52. Let i(p) = p**2 + 11*p - 1. Let a be i(-5). Let u = 46 + a. What is the remainder when g is divided by u?
13
Let s(v) = -v**2 - 22*v + 17. What is the remainder when 46 is divided by s(-22)?
12
Let j(x) = 3*x - 5*x + 4 + 0*x - x. Calculate the remainder when 49 is divided by j(-3).
10
Let i(z) = 2*z**3 + 7*z**2 + 2*z - 2. Let n be i(-8). What is the remainder when (-2)/4 + (-5)/(60/n) is divided by -1*(1 + -2) - -12?
10
What is the remainder when 160/(-15)*258/(-8) is divided by 44?
36
Let i(j) = j**3 - 7*j**2 + 7*j + 6. Let k be i(6). Suppose -5*m = -4*m - k. What is the remainder when ((-14)/(-6) + -3)/1 + 137/3 is divided by m?
9
Suppose 992 = 98*w - 150 - 132. Calculate the remainder when w is divided by -2*1*3/(-2).
1
Suppose 26*d = 8*d + 882. Calculate the remainder when 238 is divided by d.
42
Let a be (-32)/(-12)*(-6)/(-2). Suppose 3*y = -4*d + 43, d - 3*y + a = -0. What is the remainder when 11 is divided by d?
4
Calculate the remainder when 22 is divided by -4 - (-2)/1 - (-15 + 1).
10
Suppose 5*a - 4 - 6 = 0. Let i(w) = -1 + 0*w + 6 - w - a. What is the remainder when 39 is divided by i(-7)?
9
Suppose 5*r - 469 = l, 29*l - 275 = -3*r + 28*l. Calculate the remainder when 269 is divided by r.
83
Let y = 26 - -9. Let j = -30 + y. Suppose -t + 23 = -v, -j*t + 89 + 16 = -3*v. What is the remainder when 33 is divided by t?
15
What is the remainder when 956 is divided by (-1936)/(-22) + -1*1?
86
Suppose 7*h + 3*g = 9*h - 406, -4*h = -4*g - 820. What is the remainder when h is divided by 208?
1
Suppose -2 = 3*j - 326. Let s = 8582 + -8554. Calculate the remainder when j is divided by s.
24
Let h = -40 - -233. Let j = h - 102. What is the remainder when j is divided by 31?
29
Let b(g) = -g**3 + g**2 + 18. What is the remainder when b(0) is divided by ((-60)/8)/(60/(-48))?
0
Let r(p) = 3*p + 3. Let n(g) = -g + 17. Let t be n(0). Let z = t - 14. Calculate the remainder when 45 is divided by r(z).
9
Let c(m) = -27*m**2 - 121*m + 3. What is the remainder when c(-3) is divided by 9?
6
Suppose 37 + 119 = -f. Let k = -106 - f. Suppose -5*y = -10*y + k. Calculate the remainder when y is divided by 2.
0
Suppose 0 = i - 399 + 363. Calculate the remainder when 42 is divided by i.
6
Let q = -77 - -130. What is the remainder when q is divided by 27?
26
Suppose -3*f - 60 + 361 = 5*v, -2*f = v - 196. What is the remainder when 103 is divided by f?
6
Suppose -3*s - 42 = -3*b, 5*b + 4*s = b + 56. What is the remainder when 38 is divided by ((-7)/b)/((-54)/52 + 1)?
12
Calculate the remainder when 7113/12 - ((-3)/12 + 1) is divided by 66.
64
Suppose -2*b - 3*x = 3*b - 79, 0 = 2*b + 3*x - 28. What is the remainder when 67 is divided by b?
16
Suppose 12*f + 135 - 915 = 0. Calculate the remainder when 164 is divided by f.
34
Let m(g) = -g**3 - 4*g**2 + 6*g + 66. Let b(x) = -x**3 - 4*x**2 - 3*x + 3. Calculate the remainder when m(-7) is divided by b(-5).
42
Suppose -3*i - 2*i - 5 = 0, 4*c = -3*i + 13. Suppose -c*o = 4 + 12, w - 309 = 3*o. Calculate the remainder when w is divided by 50.
47
Let j(g) = 8*g**2 - 3*g - 27. Calculate the remainder when j(-6) is divided by 47.
44
Suppose 0 = -b + 39 + 45. What is the remainder when 319 is divided by b?
67
Suppose -2*h - h = -30. Suppose -36*n = -35*n - h. What is the remainder when 59 is divided by n?
9
Suppose -2*a = -3*t - 7*a + 50, 26 = 2*t - 4*a. Calculate the remainder when (-336)/3*(2/4 + -1) is divided by t.
11
Let x(v) = 116*v + 132. Calculate the remainder when 60 is divided by x(-1).
12
Suppose -4*p + 331 = 87. Suppose -a + 4*g + p = 0, 3*a - g - 199 = -a. What is the remainder when a is divided by 9?
4
Suppose 3*v + d = 2*d + 84, 0 = -5*v - 4*d + 123. Let m(z) = z**3 - 11*z**2 - 12*z + 10. What is the remainder when v is divided by m(12)?
7
Let f be (-2)/(-5) - 1215/(-25). Let v = 75 - f. What is the remainder when 30 is divided by (v/13)/((-2)/(-8))?
6
Suppose v = -3*q + 20, -2*q + 6 = v - 14. Suppose -f - 160 = -5*m, m + 155 = 6*m - 2*f. What is the remainder when m is divided by v?
13
Calculate the remainder when 68/1 - (-2 - (-8 + 4)) is divided by 17.
15
Let z = -1288 - -2923. What is the remainder when z is divided by 18?
15
Let t(h) be the th